{"id":4756,"date":"2020-01-23T18:29:55","date_gmt":"2020-01-23T21:29:55","guid":{"rendered":"http:\/\/ubuntu18-level\/hotelregis.com.ar\/?page_id=4756"},"modified":"2020-05-29T14:43:44","modified_gmt":"2020-05-29T17:43:44","slug":"nosotros","status":"publish","type":"page","link":"https:\/\/hotelelcabildo.com\/index.php\/nosotros\/","title":{"rendered":"Nosotros"},"content":{"rendered":"\t\t<div data-elementor-type=\"wp-page\" data-elementor-id=\"4756\" class=\"elementor elementor-4756\">\n\t\t\t\t\t\t<section class=\"elementor-section elementor-top-section elementor-element elementor-element-370c076f elementor-section-boxed elementor-section-height-default elementor-section-height-default\" data-id=\"370c076f\" data-element_type=\"section\">\n\t\t\t\t\t\t<div class=\"elementor-container elementor-column-gap-default\">\n\t\t\t\t\t<div class=\"elementor-column elementor-col-100 elementor-top-column elementor-element elementor-element-7aeade13\" data-id=\"7aeade13\" data-element_type=\"column\">\n\t\t\t<div class=\"elementor-widget-wrap elementor-element-populated\">\n\t\t\t\t\t\t<div class=\"elementor-element elementor-element-169b954d elementor-widget elementor-widget-text-editor\" data-id=\"169b954d\" data-element_type=\"widget\" data-widget_type=\"text-editor.default\">\n\t\t\t\t<div class=\"elementor-widget-container\">\n\t\t\t\t\t\t\t<h3>Hotel El Cabildo, en el coraz\u00f3n de Buenos Aires<\/h3>\nEmplazado en la m\u00edtica y tradicional peatonal Lavalle a metros de la calle Florida y de la Avenida Corrientes, donde se puede disfrutar de cines, restaurantes, paseos de compra y donde funciona la actividad financiera y bancaria de la ciudad.\n<br><br>\nHotel El Cabildo ofrece una arm\u00f3nica relaci\u00f3n entre atenci\u00f3n, confort y servicio. \n Se encuentra a un minuto a pie de la estaci\u00f3n de metro Lavalle, a 7 minutos a pie del <a href=\"https:\/\/teatrocolon.org.ar\/\" target=\"_blank\" rel=\"noopener\"><b>Teatro Col\u00f3n<\/b><\/a> y a 10 minutos a pie del hist\u00f3rico\u00a0<a href=\"http:\/\/www.cafetortoni.com.ar\/\" target=\"_blank\" rel=\"noopener\"><b>Caf\u00e9 Tortoni<\/b><\/a>.\n\nA pocas cuadras, se ubican distintas\u00a0<a href=\"https:\/\/www.buenosaires.gob.ar\/subte\" target=\"_blank\" rel=\"noopener\">l\u00edneas subterr\u00e1neas<\/a>\u00a0y de colectivos que le permiten moverse f\u00e1cil y r\u00e1pidamente en la ciudad. \n<br><br>\nEn las inmediaciones hay numerosos restaurantes tradicionales y locales de esparcimiento, como teatros, cines, locales comerciales y centros culturales; entre ellos, el\u00a0<a href=\"https:\/\/teatrocolon.org.ar\/es\" target=\"_blank\" rel=\"noopener\">Teatro Col\u00f3n<\/a>\u00a0y el\u00a0<a href=\"https:\/\/complejoteatral.gob.ar\/\" target=\"_blank\" rel=\"noopener\">Teatro San Mart\u00edn<\/a>.\n<br><br>\nAsimismo, a pocos minutos se encuentran los famosos barrios de\u00a0<a href=\"https:\/\/www.buenosaires.gob.ar\/laciudad\/barrios\/santelmo\" target=\"_blank\" rel=\"noopener\">San Telmo,<\/a>\u00a0<a href=\"https:\/\/www.buenosaires.gob.ar\/laciudad\/barrios\/laboca\" target=\"_blank\" rel=\"noopener\">Caminito<\/a>\u00a0y\u00a0<a href=\"https:\/\/www.buenosaires.gob.ar\/laciudad\/barrios\/puerto-madero\" target=\"_blank\" rel=\"noopener\">Puerto Madero<\/a>.\n\nEl hotel dispone de recepci\u00f3n abierta las 24 horas y atenci\u00f3n personalizada permanente.\n<br><br>\nEn las inmediaciones del establecimiento hay un estacionamientos p\u00fablicos disponible con costo adicional.\n<br><br>\nEn el mostrador de informaci\u00f3n tur\u00edstica se pueden comprar entradas para espect\u00e1culos, excursiones y solicitar otros servicios.\t\t\t\t\t\t<\/div>\n\t\t\t\t<\/div>\n\t\t\t\t\t<\/div>\n\t\t<\/div>\n\t\t\t\t\t<\/div>\n\t\t<\/section>\n\t\t\t\t<section class=\"elementor-section elementor-top-section elementor-element elementor-element-33a70f6 elementor-section-boxed elementor-section-height-default elementor-section-height-default\" data-id=\"33a70f6\" data-element_type=\"section\">\n\t\t\t\t\t\t<div class=\"elementor-container elementor-column-gap-default\">\n\t\t\t\t\t<div class=\"elementor-column elementor-col-100 elementor-top-column elementor-element elementor-element-4c36040\" data-id=\"4c36040\" data-element_type=\"column\">\n\t\t\t<div class=\"elementor-widget-wrap elementor-element-populated\">\n\t\t\t\t\t\t<div class=\"elementor-element elementor-element-e61761f elementor-widget-divider--separator-type-pattern elementor-widget-divider--view-line elementor-widget elementor-widget-divider\" data-id=\"e61761f\" data-element_type=\"widget\" data-widget_type=\"divider.default\">\n\t\t\t\t<div class=\"elementor-widget-container\">\n\t\t\t\t\t<div class=\"elementor-divider\" style=\"--divider-pattern-url: url(&quot;data:image\/svg+xml,%3Csvg xmlns=&#039;http:\/\/www.w3.org\/2000\/svg&#039; preserveAspectRatio=&#039;none&#039; overflow=&#039;visible&#039; height=&#039;100%&#039; viewBox=&#039;0 0 24 24&#039; fill=&#039;none&#039; stroke=&#039;black&#039; stroke-width=&#039;1&#039; stroke-linecap=&#039;square&#039; stroke-miterlimit=&#039;10&#039;%3E%3Cpolyline points=&#039;0,18 12,6 24,18 &#039;\/%3E%3C\/svg%3E&quot;);\">\n\t\t\t<span class=\"elementor-divider-separator\">\n\t\t\t\t\t\t<\/span>\n\t\t<\/div>\n\t\t\t\t<\/div>\n\t\t\t\t<\/div>\n\t\t\t\t\t<\/div>\n\t\t<\/div>\n\t\t\t\t\t<\/div>\n\t\t<\/section>\n\t\t\t\t<section class=\"elementor-section elementor-top-section elementor-element elementor-element-0fb99ae elementor-section-boxed elementor-section-height-default elementor-section-height-default\" data-id=\"0fb99ae\" data-element_type=\"section\">\n\t\t\t\t\t\t<div class=\"elementor-container elementor-column-gap-default\">\n\t\t\t\t\t<div class=\"elementor-column elementor-col-100 elementor-top-column elementor-element elementor-element-cd96a4e\" data-id=\"cd96a4e\" data-element_type=\"column\">\n\t\t\t<div class=\"elementor-widget-wrap elementor-element-populated\">\n\t\t\t\t\t\t<div class=\"elementor-element elementor-element-2624951 elementor-widget elementor-widget-heading\" data-id=\"2624951\" data-element_type=\"widget\" data-widget_type=\"heading.default\">\n\t\t\t\t<div class=\"elementor-widget-container\">\n\t\t\t<h3 class=\"elementor-heading-title elementor-size-default\">\u00bfQu\u00e9 hacer en Buenos Aires?<\/h3>\t\t<\/div>\n\t\t\t\t<\/div>\n\t\t\t\t\t<\/div>\n\t\t<\/div>\n\t\t\t\t\t<\/div>\n\t\t<\/section>\n\t\t\t\t<section class=\"elementor-section elementor-top-section elementor-element elementor-element-808d71d elementor-section-boxed elementor-section-height-default elementor-section-height-default\" data-id=\"808d71d\" data-element_type=\"section\">\n\t\t\t\t\t\t<div class=\"elementor-container elementor-column-gap-default\">\n\t\t\t\t\t<div class=\"elementor-column elementor-col-50 elementor-top-column elementor-element elementor-element-d9bc92d\" data-id=\"d9bc92d\" data-element_type=\"column\">\n\t\t\t<div class=\"elementor-widget-wrap elementor-element-populated\">\n\t\t\t\t\t\t<div class=\"elementor-element elementor-element-41d4e35 elementor-widget elementor-widget-thim-icon-box\" data-id=\"41d4e35\" data-element_type=\"widget\" data-widget_type=\"thim-icon-box.default\">\n\t\t\t\t<div class=\"elementor-widget-container\">\n\t\t\t<div class=\"inner-box auto-hidden\"><div  class=\"wrapper-box-icon has_custom_image has_read_more text-center box_shadow_icon \" ><div class=\"smicon-box iconbox-top\"><div class=\"boxes-icon\" ><span class=\"inner-icon\"><span class=\"icon icon-images\"><img decoding=\"async\" src=\"https:\/\/hotelelcabildo.com\/wp-content\/uploads\/2019\/11\/Regis-Hotel-Obelisco-BA-Centro.jpg\" alt=\"Hotel El Cabildo &#8211; Obelisco &#8211; BA &#8211; Centro\" title=\"Hotel El Cabildo &#8211; Obelisco &#8211; BA &#8211; Centro\" ><\/span><\/span><\/div><div class=\"content-inner\" ><div class=\"sc-heading article_heading\"><h3 class = \"heading__primary\" >Obelisco<br>(10 min.)<\/h3><\/div><div class=\"desc-icon-box\"><div style=\"font-size: 14px;font-weight: 300;line-height: 21px;\">El Obelisco es, en todo el mundo, el mayor emblema de la ciudad y de sus habitantes. Inaugurado en 1936.<br>&#160;<\/div><a class=\"smicon-read sc-btn\" href=\"http:\/\/hotelelcabildo.com\/index.php\/2020\/01\/28\/obelisco-buenos-aires\/\"  >M\u00e1s info<\/a><\/div><\/div><\/div><!--end smicon-box--><\/div><\/div>\t\t<\/div>\n\t\t\t\t<\/div>\n\t\t\t\t\t<\/div>\n\t\t<\/div>\n\t\t\t\t<div class=\"elementor-column elementor-col-50 elementor-top-column elementor-element elementor-element-8744c66\" data-id=\"8744c66\" data-element_type=\"column\">\n\t\t\t<div class=\"elementor-widget-wrap elementor-element-populated\">\n\t\t\t\t\t\t<div class=\"elementor-element elementor-element-419892c elementor-widget elementor-widget-thim-icon-box\" data-id=\"419892c\" data-element_type=\"widget\" data-widget_type=\"thim-icon-box.default\">\n\t\t\t\t<div class=\"elementor-widget-container\">\n\t\t\t<div class=\"inner-box auto-hidden\"><div  class=\"wrapper-box-icon has_custom_image has_read_more text-center box_shadow_icon \" ><div class=\"smicon-box iconbox-top\"><div class=\"boxes-icon\" ><span class=\"inner-icon\"><span class=\"icon icon-images\"><img decoding=\"async\" src=\"https:\/\/hotelelcabildo.com\/wp-content\/uploads\/2020\/04\/PalacioLegislativo-e1586370182448.jpg\" alt=\"Congreso de la Naci\u00f3n Argentina\" title=\"Congreso de la Naci\u00f3n Argentina\" ><\/span><\/span><\/div><div class=\"content-inner\" ><div class=\"sc-heading article_heading\"><h3 class = \"heading__primary\" >Congreso de la Naci\u00f3n Argentina<br>(15 min.)<\/h3><\/div><div class=\"desc-icon-box\"><div style=\"font-size: 14px;font-weight: 300;line-height: 21px;\">Es el \u00f3rgano que ejerce el poder legislativo federal de Argentina. Se encarga de formar y sancionar leyes.<br>&#160;<\/div><a class=\"smicon-read sc-btn\" href=\"http:\/\/hotelelcabildo.com\/index.php\/2020\/01\/28\/congreso-nacional-argentino\/\"  >M\u00e1s info<\/a><\/div><\/div><\/div><!--end smicon-box--><\/div><\/div>\t\t<\/div>\n\t\t\t\t<\/div>\n\t\t\t\t\t<\/div>\n\t\t<\/div>\n\t\t\t\t\t<\/div>\n\t\t<\/section>\n\t\t\t\t<section class=\"elementor-section elementor-top-section elementor-element elementor-element-4d11b02 elementor-section-boxed elementor-section-height-default elementor-section-height-default\" data-id=\"4d11b02\" data-element_type=\"section\">\n\t\t\t\t\t\t<div class=\"elementor-container elementor-column-gap-default\">\n\t\t\t\t\t<div class=\"elementor-column elementor-col-50 elementor-top-column elementor-element elementor-element-58c691b\" data-id=\"58c691b\" data-element_type=\"column\">\n\t\t\t<div class=\"elementor-widget-wrap elementor-element-populated\">\n\t\t\t\t\t\t<div class=\"elementor-element elementor-element-7a36e92 elementor-widget elementor-widget-thim-icon-box\" data-id=\"7a36e92\" data-element_type=\"widget\" data-widget_type=\"thim-icon-box.default\">\n\t\t\t\t<div class=\"elementor-widget-container\">\n\t\t\t<div class=\"inner-box auto-hidden\"><div  class=\"wrapper-box-icon has_custom_image has_read_more text-center box_shadow_icon \" ><div class=\"smicon-box iconbox-top\"><div class=\"boxes-icon\" ><span class=\"inner-icon\"><span class=\"icon icon-images\"><img decoding=\"async\" src=\"https:\/\/hotelelcabildo.com\/wp-content\/uploads\/2020\/01\/Hotel-Regis-Casa-Rosada.jpg\" alt=\"Hotel A&#038;B Internacional &#8211; Casa Rosada\" title=\"Hotel A&#038;B Internacional &#8211; Casa Rosada\" ><\/span><\/span><\/div><div class=\"content-inner\" ><div class=\"sc-heading article_heading\"><h3 class = \"heading__primary\" >Casa Rosada<br>(20 min.)<\/h3><\/div><div class=\"desc-icon-box\"><div style=\"font-size: 14px;font-weight: 300;line-height: 21px;\">La Casa Rosada es el sitio donde tiene su sede el Poder Ejecutivo de la Rep\u00fablica Argentina.<br>&#160;<\/div><a class=\"smicon-read sc-btn\" href=\" http:\/\/hotelelcabildo.com\/index.php\/2020\/01\/28\/casa-rosada\/\"  >M\u00e1s info<\/a><\/div><\/div><\/div><!--end smicon-box--><\/div><\/div>\t\t<\/div>\n\t\t\t\t<\/div>\n\t\t\t\t\t<\/div>\n\t\t<\/div>\n\t\t\t\t<div class=\"elementor-column elementor-col-50 elementor-top-column elementor-element elementor-element-7e31134\" data-id=\"7e31134\" data-element_type=\"column\">\n\t\t\t<div class=\"elementor-widget-wrap elementor-element-populated\">\n\t\t\t\t\t\t<div class=\"elementor-element elementor-element-f16fadd elementor-widget elementor-widget-thim-icon-box\" data-id=\"f16fadd\" data-element_type=\"widget\" data-widget_type=\"thim-icon-box.default\">\n\t\t\t\t<div class=\"elementor-widget-container\">\n\t\t\t<div class=\"inner-box auto-hidden\"><div  class=\"wrapper-box-icon has_custom_image has_read_more text-center box_shadow_icon \" ><div class=\"smicon-box iconbox-top\"><div class=\"boxes-icon\" ><span class=\"inner-icon\"><span class=\"icon icon-images\"><img decoding=\"async\" src=\"https:\/\/hotelelcabildo.com\/wp-content\/uploads\/2020\/04\/Cabildo-de-Buenos-Aires.png\" alt=\"Hotel EL Cabildo &#8211; Cabildo de Buenos Aires\" title=\"Hotel EL Cabildo &#8211; Cabildo de Buenos Aires\" ><\/span><\/span><\/div><div class=\"content-inner\" ><div class=\"sc-heading article_heading\"><h3 class = \"heading__primary\" >Cabildo<br>(20 min.)<\/h3><\/div><div class=\"desc-icon-box\"><div style=\"font-size: 14px;font-weight: 300;line-height: 21px;\">Edificio hist\u00f3rico Argetino que presenci\u00f3 la Revoluci\u00f3n de Mayo de 1810.<br>&#160;<\/div><a class=\"smicon-read sc-btn\" href=\"http:\/\/hotelelcabildo.com\/index.php\/2020\/01\/28\/cabildo-buenos-aires\/\"  >M\u00e1s info<\/a><\/div><\/div><\/div><!--end smicon-box--><\/div><\/div>\t\t<\/div>\n\t\t\t\t<\/div>\n\t\t\t\t\t<\/div>\n\t\t<\/div>\n\t\t\t\t\t<\/div>\n\t\t<\/section>\n\t\t\t\t<section class=\"elementor-section elementor-top-section elementor-element elementor-element-a156db9 elementor-section-boxed elementor-section-height-default elementor-section-height-default\" data-id=\"a156db9\" data-element_type=\"section\">\n\t\t\t\t\t\t<div class=\"elementor-container elementor-column-gap-default\">\n\t\t\t\t\t<div class=\"elementor-column elementor-col-50 elementor-top-column elementor-element elementor-element-c6da9cd\" data-id=\"c6da9cd\" data-element_type=\"column\">\n\t\t\t<div class=\"elementor-widget-wrap elementor-element-populated\">\n\t\t\t\t\t\t<div class=\"elementor-element elementor-element-aa8546d elementor-widget elementor-widget-thim-icon-box\" data-id=\"aa8546d\" data-element_type=\"widget\" data-widget_type=\"thim-icon-box.default\">\n\t\t\t\t<div class=\"elementor-widget-container\">\n\t\t\t<div class=\"inner-box auto-hidden\"><div  class=\"wrapper-box-icon has_custom_image has_read_more text-center box_shadow_icon \" ><div class=\"smicon-box iconbox-top\"><div class=\"boxes-icon\" ><span class=\"inner-icon\"><span class=\"icon icon-images\"><img decoding=\"async\" src=\"https:\/\/hotelelcabildo.com\/wp-content\/uploads\/2020\/04\/Galerias-Pacificos.jpg\" alt=\"Hotel EL Cabildo \u2013 Galer\u00edas Pac\u00edfico\" title=\"Hotel EL Cabildo \u2013 Galer\u00edas Pac\u00edfico\" ><\/span><\/span><\/div><div class=\"content-inner\" ><div class=\"sc-heading article_heading\"><h3 class = \"heading__primary\" >Galer\u00edas Pac\u00edfico<br>(20 min.)<\/h3><\/div><div class=\"desc-icon-box\"><div style=\"font-size: 14px;font-weight: 300;line-height: 21px;\">Uno de los principales centros comerciales de la Ciudad, merece ser visitado por sus bellas instalaciones.<br>&#160;<\/div><a class=\"smicon-read sc-btn\" href=\" http:\/\/hotelelcabildo.com\/index.php\/2020\/01\/28\/galerias-pacifico\/\"  >M\u00e1s info<\/a><\/div><\/div><\/div><!--end smicon-box--><\/div><\/div>\t\t<\/div>\n\t\t\t\t<\/div>\n\t\t\t\t\t<\/div>\n\t\t<\/div>\n\t\t\t\t<div class=\"elementor-column elementor-col-50 elementor-top-column elementor-element elementor-element-ed32e3d\" data-id=\"ed32e3d\" data-element_type=\"column\">\n\t\t\t<div class=\"elementor-widget-wrap elementor-element-populated\">\n\t\t\t\t\t\t<div class=\"elementor-element elementor-element-a9d2964 elementor-widget elementor-widget-thim-icon-box\" data-id=\"a9d2964\" data-element_type=\"widget\" data-widget_type=\"thim-icon-box.default\">\n\t\t\t\t<div class=\"elementor-widget-container\">\n\t\t\t<div class=\"inner-box auto-hidden\"><div  class=\"wrapper-box-icon has_custom_image has_read_more text-center box_shadow_icon \" ><div class=\"smicon-box iconbox-top\"><div class=\"boxes-icon\" ><span class=\"inner-icon\"><span class=\"icon icon-images\"><img decoding=\"async\" src=\"https:\/\/hotelelcabildo.com\/wp-content\/uploads\/2020\/04\/Teatro-Colon.jpg\" alt=\"Hotel EL Cabildo &#8211; Teatro Col\u00f3n\" title=\"Hotel EL Cabildo &#8211; Teatro Col\u00f3n\" ><\/span><\/span><\/div><div class=\"content-inner\" ><div class=\"sc-heading article_heading\"><h3 class = \"heading__primary\" >Teatro Col\u00f3n<br>(10 min.)<\/h3><\/div><div class=\"desc-icon-box\"><div style=\"font-size: 14px;font-weight: 300;line-height: 21px;\">El Teatro Col\u00f3n de Buenos Aires es una de las salas de \u00f3pera m\u00e1s importantes del mundo. <br>&#160;<\/div><a class=\"smicon-read sc-btn\" href=\"http:\/\/hotelelcabildo.com\/index.php\/2020\/01\/28\/teatro-colon\/\"  >M\u00e1s info<\/a><\/div><\/div><\/div><!--end smicon-box--><\/div><\/div>\t\t<\/div>\n\t\t\t\t<\/div>\n\t\t\t\t\t<\/div>\n\t\t<\/div>\n\t\t\t\t\t<\/div>\n\t\t<\/section>\n\t\t\t\t<section class=\"elementor-section elementor-top-section elementor-element elementor-element-3765dae elementor-section-boxed elementor-section-height-default elementor-section-height-default\" data-id=\"3765dae\" data-element_type=\"section\">\n\t\t\t\t\t\t<div class=\"elementor-container elementor-column-gap-default\">\n\t\t\t\t\t<div class=\"elementor-column elementor-col-50 elementor-top-column elementor-element elementor-element-5b83a21\" data-id=\"5b83a21\" data-element_type=\"column\">\n\t\t\t<div class=\"elementor-widget-wrap elementor-element-populated\">\n\t\t\t\t\t\t<div class=\"elementor-element elementor-element-9a2f4de elementor-widget elementor-widget-thim-icon-box\" data-id=\"9a2f4de\" data-element_type=\"widget\" data-widget_type=\"thim-icon-box.default\">\n\t\t\t\t<div class=\"elementor-widget-container\">\n\t\t\t<div class=\"inner-box auto-hidden\"><div  class=\"wrapper-box-icon has_custom_image has_read_more text-center box_shadow_icon \" ><div class=\"smicon-box iconbox-top\"><div class=\"boxes-icon\" ><span class=\"inner-icon\"><span class=\"icon icon-images\"><img decoding=\"async\" src=\"https:\/\/hotelelcabildo.com\/wp-content\/uploads\/2020\/04\/Buenos-Aires-Tango.jpg\" alt=\"Hotel EL Cabildo &#8211; Buenos Aires Tango\" title=\"Hotel EL Cabildo &#8211; Buenos Aires Tango\" ><\/span><\/span><\/div><div class=\"content-inner\" ><div class=\"sc-heading article_heading\"><h3 class = \"heading__primary\" >Buenos Aires<br>Tango<\/h3><\/div><div class=\"desc-icon-box\"><div style=\"font-size: 14px;font-weight: 300;line-height: 21px;\">Sensual y nost\u00e1lgico, el tango es parte de la identidad de Buenos Aires. \u00a1Conocelo y bailalo como un porte\u00f1o m\u00e1s!<br>&#160;<\/div><a class=\"smicon-read sc-btn\" href=\"  http:\/\/hotelelcabildo.com\/index.php\/2020\/04\/14\/buenos-aires-tango\/\"  >M\u00e1s info<\/a><\/div><\/div><\/div><!--end smicon-box--><\/div><\/div>\t\t<\/div>\n\t\t\t\t<\/div>\n\t\t\t\t\t<\/div>\n\t\t<\/div>\n\t\t\t\t<div class=\"elementor-column elementor-col-50 elementor-top-column elementor-element elementor-element-e877bc5\" data-id=\"e877bc5\" data-element_type=\"column\">\n\t\t\t<div class=\"elementor-widget-wrap elementor-element-populated\">\n\t\t\t\t\t\t<div class=\"elementor-element elementor-element-ffaaa51 elementor-widget elementor-widget-thim-icon-box\" data-id=\"ffaaa51\" data-element_type=\"widget\" data-widget_type=\"thim-icon-box.default\">\n\t\t\t\t<div class=\"elementor-widget-container\">\n\t\t\t<div class=\"inner-box auto-hidden\"><div  class=\"wrapper-box-icon has_custom_image has_read_more text-center box_shadow_icon \" ><div class=\"smicon-box iconbox-top\"><div class=\"boxes-icon\" ><span class=\"inner-icon\"><span class=\"icon icon-images\"><img decoding=\"async\" src=\"https:\/\/hotelelcabildo.com\/wp-content\/uploads\/2020\/04\/Caminito.jpg\" alt=\"Hotel EL Cabildo &#8211; Caminito\" title=\"Hotel EL Cabildo &#8211; Caminito\" ><\/span><\/span><\/div><div class=\"content-inner\" ><div class=\"sc-heading article_heading\"><h3 class = \"heading__primary\" >Caminito<br>(40 min.)<\/h3><\/div><div class=\"desc-icon-box\"><div style=\"font-size: 14px;font-weight: 300;line-height: 21px;\">Esta calle museo est\u00e1 colmada de conventillos de chapa, que muestran sus paredes pintadas de distintos colores.<br>&#160;<\/div><a class=\"smicon-read sc-btn\" href=\"http:\/\/hotelelcabildo.com\/index.php\/2020\/04\/14\/caminito\/\"  >M\u00e1s info<\/a><\/div><\/div><\/div><!--end smicon-box--><\/div><\/div>\t\t<\/div>\n\t\t\t\t<\/div>\n\t\t\t\t\t<\/div>\n\t\t<\/div>\n\t\t\t\t\t<\/div>\n\t\t<\/section>\n\t\t\t\t<\/div>\n\t\t","protected":false},"excerpt":{"rendered":"<p>Hotel El Cabildo, en el coraz\u00f3n de Buenos Aires<br \/>\nEmplazado en la m\u00edtica y tradicional peatonal Lavalle a metros de la calle Florida y de la Avenida Corrientes, donde se puede disfrutar de cines, restaurantes, paseos de compra y donde funciona la actividad financiera y bancaria de la ciudad.<br \/>\nHotel El Cabildo ofrece una arm\u00f3nica <\/p>\n","protected":false},"author":1,"featured_media":6533,"parent":0,"menu_order":0,"comment_status":"closed","ping_status":"closed","template":"","meta":{"_joinchat":[],"footnotes":""},"class_list":["post-4756","page","type-page","status-publish","has-post-thumbnail","hentry"],"_links":{"self":[{"href":"https:\/\/hotelelcabildo.com\/index.php\/wp-json\/wp\/v2\/pages\/4756"}],"collection":[{"href":"https:\/\/hotelelcabildo.com\/index.php\/wp-json\/wp\/v2\/pages"}],"about":[{"href":"https:\/\/hotelelcabildo.com\/index.php\/wp-json\/wp\/v2\/types\/page"}],"author":[{"embeddable":true,"href":"https:\/\/hotelelcabildo.com\/index.php\/wp-json\/wp\/v2\/users\/1"}],"replies":[{"embeddable":true,"href":"https:\/\/hotelelcabildo.com\/index.php\/wp-json\/wp\/v2\/comments?post=4756"}],"version-history":[{"count":0,"href":"https:\/\/hotelelcabildo.com\/index.php\/wp-json\/wp\/v2\/pages\/4756\/revisions"}],"wp:featuredmedia":[{"embeddable":true,"href":"https:\/\/hotelelcabildo.com\/index.php\/wp-json\/wp\/v2\/media\/6533"}],"wp:attachment":[{"href":"https:\/\/hotelelcabildo.com\/index.php\/wp-json\/wp\/v2\/media?parent=4756"}],"curies":[{"name":"wp","href":"https:\/\/api.w.org\/{rel}","templated":true}]}}